{"id":2382,"date":"2026-02-24T09:02:15","date_gmt":"2026-02-24T07:02:15","guid":{"rendered":"https:\/\/www.economicsibiu.ro\/?page_id=2382"},"modified":"2026-02-24T09:06:52","modified_gmt":"2026-02-24T07:06:52","slug":"butonul-rosu","status":"publish","type":"page","link":"https:\/\/www.economicsibiu.ro\/?page_id=2382","title":{"rendered":"Butonul Ro\u0219u"},"content":{"rendered":"\n<div class=\"wp-block-file\"><a id=\"wp-block-file--media-cf5aee62-f984-4c6f-8a3a-64fbae33c15f\" href=\"https:\/\/www.economicsibiu.ro\/wp-content\/uploads\/2026\/02\/FORMULAR-SESIZARE-ANONIMA.pdf\">FORMULAR SESIZARE ANONIMA<\/a><a href=\"https:\/\/www.economicsibiu.ro\/wp-content\/uploads\/2026\/02\/FORMULAR-SESIZARE-ANONIMA.pdf\" class=\"wp-block-file__button wp-element-button\" download aria-describedby=\"wp-block-file--media-cf5aee62-f984-4c6f-8a3a-64fbae33c15f\">Descarc\u0103<\/a><\/div>\n\n\n\n<p>SESIZAREA CONFIDEN\u0162IAL\u0102 A SUSPICIUNILOR \u015eI FAPTELOR DE VIOLEN\u0162\u0102, A SUSPICIUNILOR PRIVIND CONSUMUL DE DROGURI \u0218I ALTE ABATERI DE LA NORMELE DE BUN\u0102 CONDUIT\u0102 LA NIVELUL UNIT\u0102\u021aII DE \u00ceNV\u0102\u021a\u0102M\u00c2NT<\/p>\n\n\n\n<p>(1) Fapte care pot fi sesizate:<br>a) cazurile de violen\u0163\u0103 \u00eentre elevi s\u0103v\u00e2r\u015fite \u00een mediul \u015fcolar;<br>b) cazurile de violen\u0163\u0103 asupra elevilor s\u0103v\u00e2r\u015fite de membri ai personalului unit\u0103\u0163ii de \u00eenv\u0103\u0163\u0103m\u00e2nt \u00een mediul \u015fcolar;<br>c) cazurile de violen\u0163\u0103 asupra personalului unit\u0103\u0163ii de \u00eenv\u0103\u0163\u0103m\u00e2nt s\u0103v\u00e2r\u015fite de elevi \u00een mediul \u015fcolar;<br>d) suspiciunea de consum de substan\u0163e psihoactive (droguri);<br>e) existen\u0163a situa\u0163iilor de tipul: suspiciune de port sau folosire, f\u0103r\u0103 drept, de obiecte periculoase; suspiciune de implicare \u00een alte infrac\u0163iuni \u2014 furt, t\u00e2lh\u0103rie;<br>f) cazurile de suspiciune de violen\u0163\u0103 comis\u0103 asupra copilului \u00een afara mediului \u015fcolar<\/p>\n\n\n\n<p>(2) Sesizarea faptelor de violen\u0163\u0103 sau a consumului de droguri poate fi realizat\u0103 prin:<br>a) cutia fizic\u0103 de sesiz\u0103ri \u2014 amplasat\u0103 pe holul de la parterul (\u0219colii corp A); (Pentru formular apas\u0103 aici \u0219i aici s\u0103 incarci documentul pe care ti-l atasez)<br>b) formularul electronic \u2014 disponibil pe site-ul oficial al \u0219colii, la adresa: <a href=\"https:\/\/forms.gle\/os14hjSqbTQcpfWu8\">https:\/\/forms.gle\/os14hjSqbTQcpfWu8<\/a><br>c) adres\u0103 de e-mail: butonulrosu@economicsibiu.ro<\/p>\n\n\n\n<p><\/p>\n","protected":false},"excerpt":{"rendered":"<p>SESIZAREA CONFIDEN\u0162IAL\u0102 A SUSPICIUNILOR \u015eI FAPTELOR DE VIOLEN\u0162\u0102, A SUSPICIUNILOR PRIVIND CONSUMUL DE DROGURI \u0218I ALTE ABATERI DE LA NORMELE &hellip; <\/p>\n","protected":false},"author":1,"featured_media":0,"parent":0,"menu_order":0,"comment_status":"closed","ping_status":"closed","template":"template-home.php","meta":{"footnotes":""},"class_list":["post-2382","page","type-page","status-publish","hentry"],"_links":{"self":[{"href":"https:\/\/www.economicsibiu.ro\/index.php?rest_route=\/wp\/v2\/pages\/2382","targetHints":{"allow":["GET"]}}],"collection":[{"href":"https:\/\/www.economicsibiu.ro\/index.php?rest_route=\/wp\/v2\/pages"}],"about":[{"href":"https:\/\/www.economicsibiu.ro\/index.php?rest_route=\/wp\/v2\/types\/page"}],"author":[{"embeddable":true,"href":"https:\/\/www.economicsibiu.ro\/index.php?rest_route=\/wp\/v2\/users\/1"}],"replies":[{"embeddable":true,"href":"https:\/\/www.economicsibiu.ro\/index.php?rest_route=%2Fwp%2Fv2%2Fcomments&post=2382"}],"version-history":[{"count":3,"href":"https:\/\/www.economicsibiu.ro\/index.php?rest_route=\/wp\/v2\/pages\/2382\/revisions"}],"predecessor-version":[{"id":2387,"href":"https:\/\/www.economicsibiu.ro\/index.php?rest_route=\/wp\/v2\/pages\/2382\/revisions\/2387"}],"wp:attachment":[{"href":"https:\/\/www.economicsibiu.ro\/index.php?rest_route=%2Fwp%2Fv2%2Fmedia&parent=2382"}],"curies":[{"name":"wp","href":"https:\/\/api.w.org\/{rel}","templated":true}]}}